4) + (13 - -1*1)?
11
Suppose 0 = 2*u - 4*w - 0*w - 120, 5*w - 60 = -u. What is the remainder when u is divided by 40?
20
Suppose 2*s = 2*g + 4, -10 = -3*s - 0*s + g. Suppose -4*r - 2*d = -8, -s*d - 5 - 12 = -3*r. Calculate the remainder when 9 is divided by r.
0
Let y(n) = -9*n**2 + 104*n - 14. What is the remainder when y(9) is divided by 50?
43
Suppose 39*w - 15003 = -4863. What is the remainder when w is divided by 54?
44
Suppose -3 - 8 = -u. What is the remainder when 228 is divided by u?
8
Calculate the remainder when (3 - 95/(-10))/((-3)/(-18)) is divided by 22.
9
Suppose 16*d - 179 - 45 = 0. Let i(x) = 3*x**2 + 5*x - 11. Calculate the remainder when i(-5) is divided by d.
11
Let p = -42 - -42. Suppose p = -3*m + m + 22. Suppose -9*r + 4*r = 0, 5*r + 84 = 4*l. What is the remainder when l is divided by m?
10
What is the remainder when (2392/39)/((-2)/(-6)) is divided by 11?
8
Let b be 32*(-5)/(-5) + 4. Let v = 21 + b. Calculate the remainder when v is divided by 15.
12
Suppose -5*f = -5*c + 4 + 6, 0 = -5*c - 4*f - 8. Suppose 3*u + 0*u - 15 = c. What is the remainder when 43 is divided by u?
3
Suppose 31*b - 12 = 33*b. Let d(f) = 2*f + 18. Calculate the remainder when 21 is divided by d(b).
3
Let d be (136/12 + -5)*15. Let y = d + -85. What is the remainder when y is divided by 6?
4
Let t = 868 + -579. What is the remainder when t is divided by 73?
70
Suppose 4 = -4*q + 144. Let w = q - 27. Let k(i) = i**2 - i + 1. What is the remainder when k(-3) is divided by w?
5
Let z be -1 + -208 + 1 - (-5 + 8). Let r = z + 341. Calculate the remainder when r is divided by 33.
31
Let y(d) = -d**3 + 30*d**2 + 39*d + 19. What is the remainder when y(31) is divided by 74?
45
Let y = -23 + 43. Suppose -94 - 14 = -4*i. Suppose -2*w = 3*w - 5*j - 50, -2*j = -3*w + i. Calculate the remainder when y is divided by w.
6
Let p(y) = 3*y - 8. Let n be p(7). Suppose 0 = -14*t + n*t + 73. Let d(r) = -19*r**3 - r**2 - 2*r - 1. What is the remainder when t is divided by d(-1)?
16
Suppose 5*w - 2*g - 720 = 3*g, 304 = 2*w + 2*g. Calculate the remainder when (w - 2)*(-5)/(-10) is divided by 23.
4
Let m(d) = 2*d**3 - 7*d**2 - 22*d + 2. Suppose 3*u - f - 907 = -3*f, 902 = 3*u + f. Calculate the remainder when u is divided by m(6).
49
Suppose 6*a - 146 - 28 = 0. Calculate the remainder when 114 is divided by a.
27
Suppose 3*r = -5*m + 18, -m + 4*r + 34 = 2*m. Let p = m - -1. Suppose 11 + p = t. What is the remainder when 53 is divided by t?
17
Suppose 25 = x + 3*s, 5*x - 51 = -4*s + 129. Calculate the remainder when 279 is divided by x.
39
Let v = -2787 + 2806. Let x(h) = -4*h + 1. Calculate the remainder when x(-7) is divided by v.
10
Let w be 72/34 + (-4)/34. Suppose w = -5*s + 22. What is the remainder when s is divided by 1 + -1 - 1*-2?
0
Let a be 15*18*((-6)/(-10) - 1). What is the remainder when 61 is divided by (-2)/(-7) + (a/(-14) - 1)?
5
Suppose 9*l - 5*f - 1320 = 4*l, -5*l + 1314 = -3*f. What is the remainder when l is divided by 44?
41
Let s(c) = -c**3 - 6*c**2 - 6*c + 2. What is the remainder when s(-6) is divided by 9?
2
Let l = 306 - 292. Calculate the remainder when 181 is divided by l.
13
Let h = -29 + 34. Suppose -2*w = 5*x - 84, -3*x + h*x = -5*w + 168. What is the remainder when w is divided by 9?
5
Suppose -4*v - 10 - 32 = 3*k, 0 = 3*v + 4*k + 28. Let h = v + 17. Suppose 255 = 5*r - 4*o, -o - 265 = -h*r + o. Calculate the remainder when r is divided by 29.
26
Let f(o) = -o**3 - 11*o**2 - 34*o - 4. Suppose -5*v = -2*n - 393, -4*v + 342 = -4*n + 18. What is the remainder when v is divided by f(-4)?
17
Suppose 2*m - 34 - 30 = 0. What is the remainder when 223 is divided by m?
31
Let k(a) = -a**3 + a**2 - a. Let s be k(2). Let g(z) = z + 19. Let q(m) = -1. Let r(i) = s*q(i) + g(i). Calculate the remainder when r(-11) is divided by 8.
6
Let a(j) = -22*j - 37. What is the remainder when a(-4) is divided by 6?
3
Let g = -325 + 338. What is the remainder when 44 is divided by g?
5
Let n be ((-8)/(-10))/(10/25). Suppose 2*y - n = -5*f + 24, -2 = -2*f - 5*y. Suppose -f*l = -l - 295. Calculate the remainder when l is divided by 12.
11
Suppose g + g + 168 = 0. Let l = 135 + g. Let f(j) = 2*j + 21. What is the remainder when l is divided by f(-4)?
12
Let y(m) = 204*m**2 - m + 1. Let p be y(1). Let a = p + -42. What is the remainder when a is divided by 41?
39
Suppose l + 0*l - 2 = 5*k, 2*l - k = 31. Let n(p) = p**2 - 17*p - 10. Let i be n(18). What is the remainder when l is divided by ((-3)/(-12) - (-78)/i)/2?
2
Let u be (-75)/(-50)*(-8)/(-3). Suppose -u*c - 7 = -99. Let l = -9 + 14. Calculate the remainder when c is divided by l.
3
Suppose -8*w = 8*w - 1056. What is the remainder when 5541 is divided by w?
63
Let p = 1185 + -1129. Calculate the remainder when p is divided by 11.
1
Suppose 23*z - 47 = 321. Calculate the remainder when 171 is divided by z.
11
Let v(p) = 14*p - 3. Let r be v(3). Let y = 0 + r. Calculate the remainder when y is divided by ((-10)/(-8))/((-3)/(-48)).
19
Suppose 0*c = -3*c + 18. What is the remainder when (-820)/(-80) - 1/4 is divided by c?
4
Let a = 0 - -5. Suppose -u + a*u - 280 = 0. Calculate the remainder when u is divided by -6*(-2 + -1 - 0).
16
Let z be 27/5 + (-10)/25. Suppose -z*m - 7 = -6*m. Let b(t) = 10*t - 34. Calculate the remainder when b(6) is divided by m.
5
Suppose -8 = 6*s + 22. Calculate the remainder when s - -1*(104 + -2) is divided by 20.
17
Suppose -3*p + 2*n = -614, 29*p + n - 1045 = 24*p. What is the remainder when p is divided by 105?
103
Suppose 5*v + 60 = -v. What is the remainder when 723/27 + v/(-45) is divided by 10?
7
Let h = -1306 + 1358. What is the remainder when 270 is divided by h?
10
Let b = 428 - 316. Calculate the remainder when b is divided by 43.
26
Let m = -557 - -944. What is the remainder when m is divided by 10?
7
Let z = 48 - -26. Calculate the remainder when 202 is divided by z.
54
Let f = 29 + -19. Suppose -22*o = -f*o - 204. What is the remainder when 26 is divided by o?
9
Suppose 1419 = 14*b - 11*b. Suppose b - 45 = 4*y. Calculate the remainder when y is divided by 22.
19
Let c = -657 - -700. Let r(v) = -15*v - 11. What is the remainder when r(-6) is divided by c?
36
Let l(s) = -s**3 + 6*s**2 + s + 21. Calculate the remainder when l(6) is divided by 3.
0
Let m(p) be the second derivative of 5*p**3/6 - 30*p**2 - 5*p. Calculate the remainder when m(15) is divided by 10.
5
Suppose o - 4*o + 482 = b, -4 = -2*b. Calculate the remainder when o is divided by 51.
7
Let m be (-2)/(14/(-4) - 4/(-1)). What is the remainder when (-1 - 3)/m + 18 is divided by 0/2 + 13 + 0?
6
Suppose 7*o = 12*o. Let c = -2 + 2. Suppose -5*a - 4*f + 66 = c, -5*a + o*f + 30 = -5*f. Calculate the remainder when 37 is divided by a.
7
Let y = 1354 - 1352. Let s = -14 - -24. Suppose -s + 30 = 4*d. What is the remainder when d is divided by y?
1
Suppose j = g - 48, 4*g - 190 = -0*g + 2*j. Calculate the remainder when g is divided by 7.
5
Let k = 12 - -2. Suppose -5*s + 162 = 2*g - 4*g, 0 = -5*s - 5*g + 190. Let v = s - -5. What is the remainder when v is divided by k?
11
Let u be 1/(0 - -1)*11. Suppose 2*k - 126 = 5*s - 407, -4*s = -4*k - 232. Let b = s - u. What is the remainder when b is divided by 23?
21
Suppose -36*m + 4*r + 296 = -34*m, 3*m - r - 439 = 0. Calculate the remainder when m is divided by 68.
10
Let c(k) = 3*k**2 - 12*k - 4. Calculate the remainder when 188 is divided by c(6).
28
Let u(h) = -3*h + 22. Let n(t) = 7*t - 44. Let g(d) = -2*n(d) - 5*u(d). Let o be g(7). What is the remainder when 7 is divided by ((-12)/9)/(5/o)?
3
Let z = 22 - 12. Let u = 4456 + -4397. Calculate the remainder when u is divided by (0/(-1))/2 + z.
9
Let g be (-8 + -97)/(3/(-2)). Let o = 118 - g. What is the remainder when 191 is divided by o?
47
Let u(p) = -p**3 - p**2 + 8*p + 15. What is the remainder when (0 - (-11)/(-2))*-16 is divided by u(0)?
13
Suppose 9*b + 182 = 22*b. Suppose 257 = b*z - 121. Calculate the remainder when z is divided by 24.
3
Let b = -27 + 46. Let m = -52 - -107. Calculate the remainder when m is divided by b.
17
Let b = -58 - -63. Suppose 66 = b*d + 16. Calculate the remainder when 19 is divided by d.
9
Let z be 510/119 - 4/14. Suppose 1 + 5 = -i - z*o, -4*o - 56 = -4*i. Calculate the remainder when 47